38. Calculate the remainder when v is divided by (17/(-2))/((-2)/4).
14
Let y = -9 - -16. Calculate the remainder when y is divided by 3.
1
Let k = -43 - 22. Let w = -39 - k. Let i(y) = y + 2. What is the remainder when w is divided by i(7)?
8
Suppose d = 3 - 6. Let z be 55/3 + 2/(-6). Calculate the remainder when 71 is divided by 36*d/(z/(-4)).
23
Let o = -1 + 3. Suppose -o*l + 14 + 20 = 0. Let z = -29 + 62. What is the remainder when z is divided by l?
16
What is the remainder when (-18)/(-12)*(-20)/(-1) is divided by 16?
14
Let n be 6/27 + 4/(-18). Let a be (-4)/(-1) + (n - -2). What is the remainder when 13 is divided by (-42)/(-2)*2/a?
6
Let d = 8 - -11. What is the remainder when d is divided by 7?
5
Suppose -30 = -5*i + 35. What is the remainder when i is divided by 5?
3
Suppose 4*m - 2*t - 25 = 85, 2*t = -6. What is the remainder when 49 is divided by m?
23
Let p = 1 - -20. Let n = -19 - -100. Calculate the remainder when n is divided by p.
18
Suppose 27*s = 30*s - 114. What is the remainder when s is divided by 20?
18
Let u(t) = -122*t - 4. Let k be u(2). What is the remainder when (-2)/(2 - k/(-122)) is divided by 16?
13
Suppose -r = 3 - 4, -3*r - 63 = -q. What is the remainder when q is divided by 14?
10
Suppose 0 = -q - 2*q + 126. Calculate the remainder when (q/5)/(6/30) is divided by 11.
9
Suppose -4*s + 175 = -81. Suppose 2*g - s = -2*g. Calculate the remainder when 61 is divided by g.
13
Calculate the remainder when 18 is divided by (-19)/76 - (-82)/8.
8
Suppose 0*s - 5 = -5*v - s, -5*v + 2*s = 10. Calculate the remainder when (-1 + v)*31/(-1) is divided by 11.
9
Let h(m) = 2*m - 2. Calculate the remainder when h(12) is divided by 5.
2
Let i = 10 + 7. Suppose -3*v + 25 = 2*t - 0*t, 24 = 4*v - 2*t. Suppose 2*l + 245 = v*l. What is the remainder when l is divided by i?
15
Let c = 92 + -39. What is the remainder when c is divided by 19?
15
Let a = -8 - -38. What is the remainder when 118 is divided by a?
28
What is the remainder when 84 is divided by ((-2)/(-2))/(6/264)?
40
Let d(q) = q**2 - 3*q - 3. Let g(c) = c - 3. Let i be g(3). Let b = 2 - i. What is the remainder when b is divided by d(4)?
0
Suppose 0 = w + w - 6. Suppose 0 = -0*u + w*u - 21. What is the remainder when u is divided by 3?
1
Suppose 0 = -0*i + i - 10. What is the remainder when 29 is divided by i?
9
Let l be ((-8)/3)/(4/(-66)). Suppose -l = -4*y + 2*y. Calculate the remainder when y is divided by 8.
6
Let z = 32 + -7. Let q be 3 - (-2)/(2/(-1)). Suppose 7*c - 45 = q*c. What is the remainder when z is divided by c?
7
Let o = 104 - 73. What is the remainder when o is divided by 18?
13
Let z(l) = l**2 + 10*l + 21. Calculate the remainder when z(-8) is divided by 4.
1
Let n(t) = t + 8. Let p(v) be the third derivative of -v**5/60 + v**4/6 + 7*v**3/6 - 2*v**2. Let q be p(6). Calculate the remainder when 8 is divided by n(q).
2
Suppose 0 = -2*s + 4 + 40. What is the remainder when 42 is divided by s?
20
Let t be (-4)/10 + 8/20. Suppose t = 3*q - 4*c - 60, -4*c = -c. Calculate the remainder when q is divided by ((-21)/(-3))/(0 - -1).
6
Let u(v) = -v**3 + 8*v**2 + 13*v - 22. Calculate the remainder when 54 is divided by u(9).
12
Let k(s) = -s**3 - 13*s**2 - 23*s + 22. What is the remainder when k(-11) is divided by 10?
3
Suppose 3*h + 19 - 161 = -4*q, -2*q + 64 = -2*h. Calculate the remainder when q is divided by 10.
4
Let t(o) = -10*o**3 - o**2 + 4*o + 5. Calculate the remainder when t(-2) is divided by 15.
13
Suppose 9*c + 228 = 13*c. What is the remainder when c is divided by 20?
17
Let l(j) = -2*j - 2. Let d be l(-2). Suppose 0 = r - 4*r - 3. Let q = d - r. Calculate the remainder when 4 is divided by q.
1
Suppose 7*z - 158 = 2*z - 3*t, 0 = 3*z + 3*t - 96. What is the remainder when z is divided by 16?
15
Suppose 30*s - 435 = 25*s. Calculate the remainder when s is divided by 23.
18
What is the remainder when 35 is divided by -5 + (23 - (0 - 0))?
17
Suppose -4*v + 15 = v. Let r(t) = t**2 + t - 4. Suppose 0 = -5*d - 11 - 4. Calculate the remainder when v is divided by r(d).
1
Let g(n) = n**3 + 5*n**2 - 8*n + 1. Suppose -l = -0*l + 6. Let f(r) = -r**3 - 5*r**2 + 6*r + 5. Calculate the remainder when g(-6) is divided by f(l).
3
Let l = -2 - -6. Let f = l + -4. Let j(i) = -i + 17. Calculate the remainder when 50 is divided by j(f).
16
Suppose -4 + 42 = 2*k. What is the remainder when 187 is divided by k?
16
Let d = -15 + -3. Let j = -11 - d. What is the remainder when 12 is divided by j?
5
What is the remainder when 2/8*-2 + 231/6 is divided by 20?
18
Let g(s) be the third derivative of s**5/30 - s**4/3 + 11*s**3/6 + 7*s**2. What is the remainder when 68 is divided by g(6)?
33
Suppose -9*w + 0*w + 180 = 0. Calculate the remainder when 36 is divided by w.
16
Let f = 52 + -36. Let r(q) = q**3 + 6*q**2 - 8*q - 5. Let l be r(-7). Suppose -k + l + 29 = 0. Calculate the remainder when k is divided by f.
15
Let s(r) = -8*r + 1. Let g(y) = -9*y + 2. Let q(j) = -5*g(j) + 6*s(j). Calculate the remainder when 17 is divided by q(-3).
2
Let x(r) = 12*r + 6. Calculate the remainder when x(4) is divided by 28.
26
Suppose 6 - 18 = -2*x. Suppose x*k - 30 = k - 2*z, 3*z = -15. What is the remainder when 14 is divided by k?
6
Let q(v) = -v + 9. Let h be q(0). What is the remainder when (15/h)/(1/18) is divided by 16?
14
Suppose 0 = 54*y - 51*y - 111. Suppose 3*f - 8*f + 95 = 0. What is the remainder when y is divided by f?
18
Let p = 177 - 156. What is the remainder when 76 is divided by p?
13
Let i(q) = q**3 + 5*q**2 - 8*q - 3. What is the remainder when 43 is divided by i(-6)?
7
Suppose 4*z = a - 23, -5*z - 17 = a + 5. Suppose -a = -3*b + 24. Let y = 31 + -14. What is the remainder when y is divided by b?
8
Let y = 107 + -68. What is the remainder when 75 is divided by y?
36
Let d = 11 + 4. Suppose 3*x - 8 = 2*x + 4*w, 0 = 4*x + 4*w - 92. Suppose 0*q - 2*q - x = -v, 3*v - d = -3*q. What is the remainder when 29 is divided by v?
9
Suppose f - 4*o - 4 = 0, 0*f = 4*f + 4*o - 76. Let b = -132 + 142. Calculate the remainder when f is divided by b.
6
Suppose k + o - 112 - 23 = 0, -4*o = -3*k + 405. Calculate the remainder when k is divided by 17.
16
Let g = 0 - -4. What is the remainder when 1/2 - (-21)/2 is divided by g?
3
Let y(w) = 16*w + 9. Calculate the remainder when y(4) is divided by 38.
35
Calculate the remainder when (1/2 + 0)*384 is divided by 15.
12
Let g = -144 + 159. Calculate the remainder when g is divided by 1.
0
Suppose -12 = 10*t - 13*t. Let m be (-36 - -2) + 0/(-2). What is the remainder when m/(-3) - 2/6 is divided by t?
3
Let g(u) = -2*u - 8. Let d be g(-6). Suppose d*j - 35 = 53. What is the remainder when j is divided by 6?
4
Calculate the remainder when 50 is divided by (-3)/(6/4) + 20.
14
Suppose 3*w - 3*f = 2*w + 7, 0 = 5*f. Let k(j) = -j**3 + j**2 + 5*j + 5. Let x be k(-4). Let l = x + -39. What is the remainder when l is divided by w?
5
Let p = 25 - 16. What is the remainder when 17 is divided by p?
8
Let a(x) = -x**3 - 6*x**2 - 5*x - 2. Calculate the remainder when 82 is divided by a(-6).
26
Suppose -2*k = 3*k - 2*y - 124, 4*y = 3*k - 80. What is the remainder when 71 is divided by k?
23
Let i(d) = -d**2 - 11*d + 3. Let n = -11 + 2. Let g be i(n). Suppose 0 = -0*y - y + g. What is the remainder when y is divided by 11?
10
Let h = 6 + -7. Let d be (1 - h) + -2 + 4. Suppose d + 31 = 5*g. Calculate the remainder when 13 is divided by g.
6
Let f = -15 - -25. Let m(i) = 3*i**2 - 4*i + 3. Let v be m(2). Let g(x) = 4*x + 1. What is the remainder when g(v) is divided by f?
9
Suppose -2*j - x + 7 = 0, j - x = -0*j - 1. Let m(c) = c**3 + 7*c**2 + 4*c + 4. Let b be m(-6). Calculate the remainder when 6 is divided by (b/(-10))/(j/(-5)).
2
Let t(z) = -z**3 + 8*z**2 + 3*z + 7. What is the remainder when t(8) is divided by 18?
13
Let c = 72 - 12. Suppose c = u + 4*u. Calculate the remainder when (-1 + -1)/2 - -23 is divided by u.
10
Suppose 4*s - 4*k - 164 = 0, 5*k - 2*k = -15. Suppose -h - 4 + 11 = 0. Calculate the remainder when 241/9 + 8/s is divided by h.
6
Suppose q + 4 = -0*q. Let p = q - -6. Suppose 3 = 96*l - 93*l. What is the remainder when p is divided by l?
0
Suppose q + 148 = 4*f, 3*f - 111 = 6*q - 4*q. What is the remainder when 106 is divided by f?
32
Suppo